*r. Let y(c) = -11*c**3 + c**2 - 4*c. Let b(p) = 4*l(p) - 7*y(p). Suppose i = -2*i - 3. What is the units digit of b(i)?
2
Let s(o) = 3*o**2 + 2*o + 1. Let h(t) = t**2 - 3. Let g be h(0). What is the units digit of s(g)?
2
What is the tens digit of -2 + (-4 - -5) - -55?
5
Let y(s) = 5*s**2 + 4*s + 2. What is the units digit of y(-3)?
5
Suppose -5*n = 50 - 20. Let j(v) = -v - 4. Let i be j(n). What is the units digit of ((-4)/i + -1)/(-1)?
3
Let u = 73 + -22. Let t(h) = -h**3 - h**2 - h + 3. Let o be t(0). Suppose o*k - u = -0*k. What is the tens digit of k?
1
Let p = 1 - -1. Suppose 24 = v - 5*s, 4*v = 5*v + p*s - 38. What is the units digit of v?
4
Let n be (1 + -3)*3/2. Suppose 0*u + 3 = 3*u. What is the units digit of (9 - 2) + n + u?
5
Let a(u) = 3 + 10*u + 21*u - 9*u + 1. What is the tens digit of a(2)?
4
Let n = -5 + 5. Suppose n = -3*l + 2*l + 2. What is the units digit of l/5 - 116/(-10)?
2
Let u(q) = q**3 + 9*q**2 - 17*q - 11. What is the tens digit of u(-10)?
5
Suppose 6*m + 2*s - 66 = 4*m, 2*s = -5*m + 159. Let k = m + -22. What is the units digit of k?
9
Let x(k) = -k - 9. Let m = 1 - 1. Let t be x(m). Let j = 13 + t. What is the units digit of j?
4
Let n(p) = -p**2 + 3*p - 1. Let s be n(3). Let r = 2 + s. What is the units digit of r?
1
Let f = 29 - 19. Suppose -10 = -2*i + f. What is the units digit of i?
0
Let s(f) = 6*f**2 - 26*f - 30. Let h(a) = 2*a**2 - 9*a - 10. Let b(c) = -14*h(c) + 5*s(c). What is the units digit of b(-4)?
8
Let a(i) = -i**2 + 4*i - 3. Let p be a(2). Let n be p/1*(-1 + -2). What is the units digit of (-1)/2*(n - 1)?
2
What is the units digit of 298 - 0 - 15/(-5)*-1?
5
Suppose 2*o + 18 = 3*g, -5*g + 0 = 3*o - 11. Let b be (-1)/2 - 18/g. Let a(h) = -h**3 - 3*h**2 + 7*h. What is the units digit of a(b)?
5
Suppose 0 = 3*y - 0*g + 5*g - 92, -2*y + g + 57 = 0. Suppose -4*u - q + 6*q = -y, 0 = 4*u + 3*q - 53. Suppose u*m - 8*m = 21. What is the units digit of m?
7
Let s = -49 + 123. What is the units digit of s?
4
Let g(l) = -l - 1. Let m be g(-3). Suppose -r = -2*w - 6, 6*r - r - 90 = -m*w. What is the tens digit of r?
1
Let l be (9/(-3) - -4)*5. Suppose l*t - 3*t = 56. What is the tens digit of t?
2
Suppose -4*k = -10 - 138. What is the tens digit of k?
3
Suppose -39 = -0*q - 3*q. What is the tens digit of q?
1
Let l = 683 - 345. What is the hundreds digit of l?
3
Let x = 23 - -59. What is the tens digit of x?
8
Suppose 2*q - 4*s = 5*q - 6, 2*q - 2*s = 4. Let u(p) = -5 + 2*p + p**2 + 0*p**q + p. What is the tens digit of u(-6)?
1
Let p(h) = h**2 - h + 4. Let q be p(0). Suppose q*o + 6 = o. Let f = o - -3. What is the units digit of f?
1
Let k = 16 + -16. Suppose -2*a = -2*g - 62, k*g - 159 = -5*a + g. What is the tens digit of a?
3
Suppose 81 = -4*m + 2*o + 341, -68 = -m + 2*o. What is the tens digit of m?
6
Let w = 12 - 6. Let j be w*(15/(-9) - -2). Suppose -5*n + 3 + 12 = 3*t, 2*t = j*n + 10. What is the units digit of t?
5
Let t = 9 + 5. What is the tens digit of t?
1
Let k = 17 + -12. Let s(c) = 4*c**2 - 5. Let d(f) = -5*f**2 + f + 5. Let x(v) = -5*d(v) - 6*s(v). What is the units digit of x(k)?
5
Let y be (10/15)/(4/(-18)). Let i = 18 + y. What is the tens digit of i?
1
Suppose -2*j + 7*j = -3*r - 2, 0 = -4*r - j + 20. What is the units digit of r?
6
Suppose -d + 2*d = 4. Let c(v) = -5*v - d*v - 1 - 2. What is the units digit of c(-2)?
5
Let p(t) = -t**3 - 3*t**2 + 4*t + 8. Let z be p(-7). What is the units digit of z/6 - (-2)/(-6)?
9
Let t(v) = -v**3 + 2*v**2 + 5*v - 4. Let m be t(3). What is the tens digit of (-200)/12*(-3)/m?
2
Suppose -3*z + d = -2*d + 69, -4*z = d + 92. Let h = -8 - z. Suppose 0*x = x - h. What is the tens digit of x?
1
Suppose -5*l + 3*m = 0, -3*l + l = -2*m - 4. Let s = l - -8. What is the units digit of s?
5
Suppose 30 = 4*n + 2. What is the units digit of n?
7
Let u = 15 - -28. What is the tens digit of u?
4
Let f(j) = -4*j + 1. Let m be f(-1). Suppose -2*g = m*b - 70 - 6, 0 = -2*b + 4. What is the tens digit of g?
3
Suppose -r + 207 = 8*r. What is the tens digit of r?
2
Let h be 2*(4 + -2) + -2. Suppose h*z + 4*c - 79 = -z, 2*c - 50 = -2*z. What is the units digit of z?
1
Suppose h = 5*o - 24, 4*o + 0 + 20 = -2*h. Let r = -1 - h. Suppose -2*x = 1 - r. What is the units digit of x?
6
Suppose 2*o - 16 = -2*b + 2, -3*o + 28 = 4*b. What is the units digit of o?
8
Suppose -3*c - 77 = -a, 0 = -a - 3*a + 2*c + 348. Let s = -34 + a. Suppose 5*x - s + 15 = 0. What is the units digit of x?
8
Let w(d) = 2*d - 6. Let o = 13 + -8. Let s be w(o). Suppose -s = -h, 2 = -z + 3*h - 6. What is the units digit of z?
4
Suppose -2*i + 0*i = -v + 123, -5*i + 210 = 2*v. What is the units digit of v?
5
Let s be 2/(-4) + (-13)/2. Let t(g) = -g**2 - 6*g + 9. Let p be t(s). Suppose 6 - 18 = -p*j. What is the units digit of j?
6
Let j(h) = 2*h**2 + 6*h - 6. Let t be j(-5). Let d = t + -21. What is the units digit of (-6)/21 + (-30)/d?
4
Let r(q) = 3*q**2 + 8*q - 41. What is the hundreds digit of r(7)?
1
Let j = -72 - -194. What is the units digit of j?
2
Let q be ((2 - 0) + -11)*-1. Let o be (-40)/(-30)*q*2. Let i = 37 - o. What is the tens digit of i?
1
Let g(p) = p**2 + 10*p. Let n be g(-10). Suppose -2*j + 24 = 4*u - 0*j, 4*j - 8 = n. What is the units digit of u?
5
Suppose -4*u = -0*u - 108. Suppose -13 = -5*n + u. What is the units digit of n?
8
Let o be ((-4)/(-6))/((-12)/(-54)). Suppose u = -5*x + 6*u + 25, -o*u + 25 = 5*x. Suppose -x*m - 12 = -57. What is the units digit of m?
9
Let n be (0 - 27/12)*4. Let u(d) = d + 11. Let h be u(-19). Let b = h - n. What is the units digit of b?
1
What is the units digit of 0*1/2 - -53?
3
Let r(i) = i**2 + 10*i + 9. Let x be r(-7). Suppose 3 + 4 = -h. Let w = h - x. What is the units digit of w?
5
Let b(t) = 25*t + 3. What is the units digit of b(1)?
8
Let k = -5 + 11. What is the units digit of (-34)/(-8) + k/8?
5
What is the tens digit of (4 + 97 + 3)/2?
5
Suppose p = 4, 0*w + 3*w = -4*p + 19. What is the tens digit of 12/(-1 + 1 + w)?
1
Let t(b) = -b + 14. What is the units digit of t(11)?
3
What is the tens digit of 14/(-12)*-59 - (-3)/18?
6
Suppose 0*a - 3*d = 3*a - 141, 5*a + d = 251. What is the units digit of a?
1
Suppose 0*i + 5*i + 2*g = 518, 2*g = -2*i + 212. What is the units digit of i?
2
Let q be ((-3)/(-2))/(1/2). Let p be (2/6)/(1/q). What is the units digit of 9/4 - p/4?
2
Let g = 11 - 11. Let i(d) = -d + 6. What is the units digit of i(g)?
6
Let m(j) = j**3 + 6*j**2 - 2*j + 3. Suppose -4*w + 4 = 0, v - 3*w = -1 + 3. Suppose -u = -v*u - 4*f - 8, 2*u + 24 = 3*f. What is the tens digit of m(u)?
1
Let i(q) = -10*q. What is the tens digit of i(-2)?
2
Let o(t) = -t**2 - 8*t - 5. Let z be o(-8). Let m = z + 17. Suppose 0 = -6*s + 4*s + m. What is the units digit of s?
6
Let t(d) = -5*d - 1. Let w be t(-1). Suppose -5*c + 4*u + 50 = -34, -w*c - 2*u = -88. What is the tens digit of c?
2
Let f(k) = -k**2 - 6*k + 5. Let w be (4/(-6))/(2/18). What is the units digit of f(w)?
5
Suppose 5*s - 554 = 2*l - 5*l, -2*l - 3*s + 369 = 0. What is the hundreds digit of l?
1
Suppose 0 = -5*a - d - 18, d = -5*a + 6*a. What is the units digit of a/12*3*-8?
6
Suppose f = 5*f + 28. Let r = f - -18. What is the units digit of r?
1
Suppose -u + 20 = -0*u. Let q be (-6)/(-5)*u/3. Let b = -5 + q. What is the units digit of b?
3
Suppose 0 = -2*k - 8, 4*w - 5*k - 47 = 3*w. What is the tens digit of w?
2
Let y(a) = -5*a**3 + 4*a + 6. What is the tens digit of y(-4)?
1
Let d = 7 + -4. Suppose 0 = -o + 5*x + d, 3*x - x = -o + 10. What is the units digit of o?
8
Let w = 199 + -86. What is the units digit of w?
3
Let h(x) = x**3 + 12*x**2 - 12*x + 18. Let q be h(-13). Let p be 1/1 + (q - 4). Suppose -u + 6 = g - p*u, 3*g - u - 20 = 0. What is the units digit of g?
7
Let y(a) = -3*a - 3. Suppose 6 + 2 = -4*x. Let z be y(x). Suppose 0 = -4*m + 2*b + 8, -z*m = -m - 3*b. What is the units digit of m?
3
Let d(x) = x**2 - 7*x - 4. Let k be d(-5). Let l = -31 + k. What is the tens digit of l?
2
Suppose 480 = 5*x - 70. What is the units digit of x?
0
Let l(f) = -f**3 - 6*f**2 + 8*f + 10. Let w be l(-7). Suppose -6 = -w*p, 7*x - 2*x - 4*p - 7 = 0. What is the units digit of x*(-6)/9 - -11?
9
Suppose d + 25 = -4*d + 4*o, -4*o = 5*d - 15. Let p be ((-8)/5)/(d/(-5)). Let i(l) = -l + 3. What 